{"id":125,"date":"2013-07-31T14:31:12","date_gmt":"2013-07-31T14:31:12","guid":{"rendered":"http:\/\/gardmenn.is\/wordpress\/?page_id=125"},"modified":"2013-08-12T15:37:32","modified_gmt":"2013-08-12T15:37:32","slug":"laland","status":"publish","type":"page","link":"http:\/\/gardmenn.is\/?page_id=125","title":{"rendered":"L\u00e1land"},"content":{"rendered":"<p>\u00deegar h\u00fasi\u00f0 a\u00f0 L\u00e1landi 4 var rifi\u00f0 og byggt upp \u00e1 n\u00fdtt var l\u00edti\u00f0 eftir af gar\u00f0inum sem st\u00f3\u00f0 \u00fear eitt sinn. St\u00f3rvirkar vinnuv\u00e9lar og byggingakrani h\u00f6f\u00f0u gert gar\u00f0inn a\u00f0, einhverju sem l\u00edktist v\u00edgvelli frekar en gar\u00f0i. \u00deegar Gar\u00f0menn komu \u00e1 sta\u00f0inn var lj\u00f3st a\u00f0 gar\u00f0urinn \u00feyrfti a\u00f0 vera unninn fr\u00e1 grunni. \u00dar var\u00f0 a\u00f0 eina sem f\u00e9kk a\u00f0 halda s\u00e9r \u00ed gar\u00f0inum var eitt tr\u00e9. Anna\u00f0 var unni\u00f0 fr\u00e1 grunni. \u00dea\u00f0 er \u00f3h\u00e6tt a\u00f0 segja a\u00f0 engu hafi veri\u00f0 til spara\u00f0 \u00feegar \u00feessi gar\u00f0ur var unninn. Notast var miki\u00f0 vi\u00f0 unni\u00f0 n\u00e1tt\u00farugrj\u00f3t fr\u00e1 Gr\u00e1steini, pallaefni\u00f0 var lagt \u00far pallaparketi fr\u00e1 Indus, matjurtarkassar og skj\u00f3lgir\u00f0ingin var sm\u00ed\u00f0u\u00f0 \u00far h\u00e1g\u00e6\u00f0a sedrusvi\u00f0.<\/p>\n<p>\n\t\t<style type=\"text\/css\">\n\t\t\t#gallery-1 {\n\t\t\t\tmargin: auto;\n\t\t\t}\n\t\t\t#gallery-1 .gallery-item {\n\t\t\t\tfloat: left;\n\t\t\t\tmargin-top: 10px;\n\t\t\t\ttext-align: center;\n\t\t\t\twidth: 33%;\n\t\t\t}\n\t\t\t#gallery-1 img {\n\t\t\t\tborder: 2px solid #cfcfcf;\n\t\t\t}\n\t\t\t#gallery-1 .gallery-caption {\n\t\t\t\tmargin-left: 0;\n\t\t\t}\n\t\t\t\/* see gallery_shortcode() in wp-includes\/media.php *\/\n\t\t<\/style>\n\t\t<div id='gallery-1' class='gallery galleryid-125 gallery-columns-3 gallery-size-thumbnail'><dl class='gallery-item'>\n\t\t\t<dt class='gallery-icon landscape'>\n\t\t\t\t<a href='http:\/\/gardmenn.is\/?attachment_id=223'><img width=\"150\" height=\"150\" src=\"http:\/\/gardmenn.is\/wp-content\/uploads\/2013\/07\/2-150x150.jpg\" class=\"attachment-thumbnail size-thumbnail\" alt=\"\" loading=\"lazy\" \/><\/a>\n\t\t\t<\/dt><\/dl><dl class='gallery-item'>\n\t\t\t<dt class='gallery-icon landscape'>\n\t\t\t\t<a href='http:\/\/gardmenn.is\/?attachment_id=222'><img width=\"150\" height=\"150\" src=\"http:\/\/gardmenn.is\/wp-content\/uploads\/2013\/07\/1-150x150.jpg\" class=\"attachment-thumbnail size-thumbnail\" alt=\"\" loading=\"lazy\" \/><\/a>\n\t\t\t<\/dt><\/dl>\n\t\t\t<br style='clear: both' \/>\n\t\t<\/div>\n<br \/>\nGrindin undir pallinn<\/p>\n\n\t\t<style type=\"text\/css\">\n\t\t\t#gallery-2 {\n\t\t\t\tmargin: auto;\n\t\t\t}\n\t\t\t#gallery-2 .gallery-item {\n\t\t\t\tfloat: left;\n\t\t\t\tmargin-top: 10px;\n\t\t\t\ttext-align: center;\n\t\t\t\twidth: 33%;\n\t\t\t}\n\t\t\t#gallery-2 img {\n\t\t\t\tborder: 2px solid #cfcfcf;\n\t\t\t}\n\t\t\t#gallery-2 .gallery-caption {\n\t\t\t\tmargin-left: 0;\n\t\t\t}\n\t\t\t\/* see gallery_shortcode() in wp-includes\/media.php *\/\n\t\t<\/style>\n\t\t<div id='gallery-2' class='gallery galleryid-125 gallery-columns-3 gallery-size-thumbnail'><dl class='gallery-item'>\n\t\t\t<dt class='gallery-icon landscape'>\n\t\t\t\t<a href='http:\/\/gardmenn.is\/?attachment_id=228'><img width=\"150\" height=\"150\" src=\"http:\/\/gardmenn.is\/wp-content\/uploads\/2013\/07\/4-150x150.jpg\" class=\"attachment-thumbnail size-thumbnail\" alt=\"\" loading=\"lazy\" \/><\/a>\n\t\t\t<\/dt><\/dl><dl class='gallery-item'>\n\t\t\t<dt class='gallery-icon landscape'>\n\t\t\t\t<a href='http:\/\/gardmenn.is\/?attachment_id=229'><img width=\"150\" height=\"150\" src=\"http:\/\/gardmenn.is\/wp-content\/uploads\/2013\/07\/5-150x150.jpg\" class=\"attachment-thumbnail size-thumbnail\" alt=\"\" loading=\"lazy\" \/><\/a>\n\t\t\t<\/dt><\/dl><dl class='gallery-item'>\n\t\t\t<dt class='gallery-icon landscape'>\n\t\t\t\t<a href='http:\/\/gardmenn.is\/?attachment_id=230'><img width=\"150\" height=\"150\" src=\"http:\/\/gardmenn.is\/wp-content\/uploads\/2013\/07\/6-150x150.jpg\" class=\"attachment-thumbnail size-thumbnail\" alt=\"\" loading=\"lazy\" \/><\/a>\n\t\t\t<\/dt><\/dl><br style=\"clear: both\" \/><dl class='gallery-item'>\n\t\t\t<dt class='gallery-icon portrait'>\n\t\t\t\t<a href='http:\/\/gardmenn.is\/?attachment_id=231'><img width=\"150\" height=\"150\" src=\"http:\/\/gardmenn.is\/wp-content\/uploads\/2013\/07\/6a-150x150.jpg\" class=\"attachment-thumbnail size-thumbnail\" alt=\"\" loading=\"lazy\" \/><\/a>\n\t\t\t<\/dt><\/dl><dl class='gallery-item'>\n\t\t\t<dt class='gallery-icon landscape'>\n\t\t\t\t<a href='http:\/\/gardmenn.is\/?attachment_id=232'><img width=\"150\" height=\"150\" src=\"http:\/\/gardmenn.is\/wp-content\/uploads\/2013\/07\/122-150x150.jpg\" class=\"attachment-thumbnail size-thumbnail\" alt=\"\" loading=\"lazy\" \/><\/a>\n\t\t\t<\/dt><\/dl><dl class='gallery-item'>\n\t\t\t<dt class='gallery-icon portrait'>\n\t\t\t\t<a href='http:\/\/gardmenn.is\/?attachment_id=233'><img width=\"150\" height=\"150\" src=\"http:\/\/gardmenn.is\/wp-content\/uploads\/2013\/07\/7-150x150.jpg\" class=\"attachment-thumbnail size-thumbnail\" alt=\"\" loading=\"lazy\" \/><\/a>\n\t\t\t<\/dt><\/dl><br style=\"clear: both\" \/><dl class='gallery-item'>\n\t\t\t<dt class='gallery-icon landscape'>\n\t\t\t\t<a href='http:\/\/gardmenn.is\/?attachment_id=234'><img width=\"150\" height=\"150\" src=\"http:\/\/gardmenn.is\/wp-content\/uploads\/2013\/07\/9-150x150.jpg\" class=\"attachment-thumbnail size-thumbnail\" alt=\"\" loading=\"lazy\" \/><\/a>\n\t\t\t<\/dt><\/dl><dl class='gallery-item'>\n\t\t\t<dt class='gallery-icon landscape'>\n\t\t\t\t<a href='http:\/\/gardmenn.is\/?attachment_id=235'><img width=\"150\" height=\"150\" src=\"http:\/\/gardmenn.is\/wp-content\/uploads\/2013\/07\/103-150x150.jpg\" class=\"attachment-thumbnail size-thumbnail\" alt=\"\" loading=\"lazy\" \/><\/a>\n\t\t\t<\/dt><\/dl><dl class='gallery-item'>\n\t\t\t<dt class='gallery-icon portrait'>\n\t\t\t\t<a href='http:\/\/gardmenn.is\/?attachment_id=236'><img width=\"150\" height=\"150\" src=\"http:\/\/gardmenn.is\/wp-content\/uploads\/2013\/07\/3-150x150.jpg\" class=\"attachment-thumbnail size-thumbnail\" alt=\"\" loading=\"lazy\" \/><\/a>\n\t\t\t<\/dt><\/dl><br style=\"clear: both\" \/>\n\t\t<\/div>\n\n<p>Setbekkur me\u00f0 lausum toppi, svo h\u00e6gt s\u00e9 a\u00f0 geyma hluti \u00ed bekknum.<\/p>\n\n\t\t<style type=\"text\/css\">\n\t\t\t#gallery-3 {\n\t\t\t\tmargin: auto;\n\t\t\t}\n\t\t\t#gallery-3 .gallery-item {\n\t\t\t\tfloat: left;\n\t\t\t\tmargin-top: 10px;\n\t\t\t\ttext-align: center;\n\t\t\t\twidth: 33%;\n\t\t\t}\n\t\t\t#gallery-3 img {\n\t\t\t\tborder: 2px solid #cfcfcf;\n\t\t\t}\n\t\t\t#gallery-3 .gallery-caption {\n\t\t\t\tmargin-left: 0;\n\t\t\t}\n\t\t\t\/* see gallery_shortcode() in wp-includes\/media.php *\/\n\t\t<\/style>\n\t\t<div id='gallery-3' class='gallery galleryid-125 gallery-columns-3 gallery-size-thumbnail'><dl class='gallery-item'>\n\t\t\t<dt class='gallery-icon landscape'>\n\t\t\t\t<a href='http:\/\/gardmenn.is\/?attachment_id=241'><img width=\"150\" height=\"150\" src=\"http:\/\/gardmenn.is\/wp-content\/uploads\/2013\/07\/123-150x150.jpg\" class=\"attachment-thumbnail size-thumbnail\" alt=\"\" loading=\"lazy\" \/><\/a>\n\t\t\t<\/dt><\/dl><dl class='gallery-item'>\n\t\t\t<dt class='gallery-icon landscape'>\n\t\t\t\t<a href='http:\/\/gardmenn.is\/?attachment_id=243'><img width=\"150\" height=\"150\" src=\"http:\/\/gardmenn.is\/wp-content\/uploads\/2013\/07\/112-150x150.jpg\" class=\"attachment-thumbnail size-thumbnail\" alt=\"\" loading=\"lazy\" \/><\/a>\n\t\t\t<\/dt><\/dl><dl class='gallery-item'>\n\t\t\t<dt class='gallery-icon landscape'>\n\t\t\t\t<a href='http:\/\/gardmenn.is\/?attachment_id=242'><img width=\"150\" height=\"150\" src=\"http:\/\/gardmenn.is\/wp-content\/uploads\/2013\/07\/131-150x150.jpg\" class=\"attachment-thumbnail size-thumbnail\" alt=\"\" loading=\"lazy\" \/><\/a>\n\t\t\t<\/dt><\/dl><br style=\"clear: both\" \/>\n\t\t<\/div>\n\n<p>Lokafr\u00e1gangur<\/p>\n\n\t\t<style type=\"text\/css\">\n\t\t\t#gallery-4 {\n\t\t\t\tmargin: auto;\n\t\t\t}\n\t\t\t#gallery-4 .gallery-item {\n\t\t\t\tfloat: left;\n\t\t\t\tmargin-top: 10px;\n\t\t\t\ttext-align: center;\n\t\t\t\twidth: 33%;\n\t\t\t}\n\t\t\t#gallery-4 img {\n\t\t\t\tborder: 2px solid #cfcfcf;\n\t\t\t}\n\t\t\t#gallery-4 .gallery-caption {\n\t\t\t\tmargin-left: 0;\n\t\t\t}\n\t\t\t\/* see gallery_shortcode() in wp-includes\/media.php *\/\n\t\t<\/style>\n\t\t<div id='gallery-4' class='gallery galleryid-125 gallery-columns-3 gallery-size-thumbnail'><dl class='gallery-item'>\n\t\t\t<dt class='gallery-icon landscape'>\n\t\t\t\t<a href='http:\/\/gardmenn.is\/?attachment_id=246'><img width=\"150\" height=\"150\" src=\"http:\/\/gardmenn.is\/wp-content\/uploads\/2013\/07\/17-150x150.jpg\" class=\"attachment-thumbnail size-thumbnail\" alt=\"\" loading=\"lazy\" \/><\/a>\n\t\t\t<\/dt><\/dl><dl class='gallery-item'>\n\t\t\t<dt class='gallery-icon landscape'>\n\t\t\t\t<a href='http:\/\/gardmenn.is\/?attachment_id=247'><img width=\"150\" height=\"150\" src=\"http:\/\/gardmenn.is\/wp-content\/uploads\/2013\/07\/18-150x150.jpg\" class=\"attachment-thumbnail size-thumbnail\" alt=\"\" loading=\"lazy\" \/><\/a>\n\t\t\t<\/dt><\/dl><dl class='gallery-item'>\n\t\t\t<dt class='gallery-icon landscape'>\n\t\t\t\t<a href='http:\/\/gardmenn.is\/?attachment_id=248'><img width=\"150\" height=\"150\" src=\"http:\/\/gardmenn.is\/wp-content\/uploads\/2013\/07\/13a-150x150.jpg\" class=\"attachment-thumbnail size-thumbnail\" alt=\"\" loading=\"lazy\" \/><\/a>\n\t\t\t<\/dt><\/dl><br style=\"clear: both\" \/><dl class='gallery-item'>\n\t\t\t<dt class='gallery-icon landscape'>\n\t\t\t\t<a href='http:\/\/gardmenn.is\/?attachment_id=249'><img width=\"150\" height=\"150\" src=\"http:\/\/gardmenn.is\/wp-content\/uploads\/2013\/07\/141-150x150.jpg\" class=\"attachment-thumbnail size-thumbnail\" alt=\"\" loading=\"lazy\" \/><\/a>\n\t\t\t<\/dt><\/dl><dl class='gallery-item'>\n\t\t\t<dt class='gallery-icon landscape'>\n\t\t\t\t<a href='http:\/\/gardmenn.is\/?attachment_id=250'><img width=\"150\" height=\"150\" src=\"http:\/\/gardmenn.is\/wp-content\/uploads\/2013\/07\/15-150x150.jpg\" class=\"attachment-thumbnail size-thumbnail\" alt=\"\" loading=\"lazy\" \/><\/a>\n\t\t\t<\/dt><\/dl><dl class='gallery-item'>\n\t\t\t<dt class='gallery-icon landscape'>\n\t\t\t\t<a href='http:\/\/gardmenn.is\/?attachment_id=251'><img width=\"150\" height=\"150\" src=\"http:\/\/gardmenn.is\/wp-content\/uploads\/2013\/07\/16-150x150.jpg\" class=\"attachment-thumbnail size-thumbnail\" alt=\"\" loading=\"lazy\" \/><\/a>\n\t\t\t<\/dt><\/dl><br style=\"clear: both\" \/>\n\t\t<\/div>\n\n<p>&nbsp;<\/p>\n<p>Kosturinn vi\u00f0 pallaparketi\u00f0 sem er \u00far har\u00f0vi\u00f0 er a\u00f0 engar skr\u00fafur e\u00f0a naglar sj\u00e1st \u00e1 yfirbor\u00f0inu. S\u00e9rstakar smellur eru skr\u00fafa\u00f0ar undir pallinum sem halda vi\u00f0inum \u00e1 s\u00ednum sta\u00f0.<\/p>\n\n\t\t<style type=\"text\/css\">\n\t\t\t#gallery-5 {\n\t\t\t\tmargin: auto;\n\t\t\t}\n\t\t\t#gallery-5 .gallery-item {\n\t\t\t\tfloat: left;\n\t\t\t\tmargin-top: 10px;\n\t\t\t\ttext-align: center;\n\t\t\t\twidth: 33%;\n\t\t\t}\n\t\t\t#gallery-5 img {\n\t\t\t\tborder: 2px solid #cfcfcf;\n\t\t\t}\n\t\t\t#gallery-5 .gallery-caption {\n\t\t\t\tmargin-left: 0;\n\t\t\t}\n\t\t\t\/* see gallery_shortcode() in wp-includes\/media.php *\/\n\t\t<\/style>\n\t\t<div id='gallery-5' class='gallery galleryid-125 gallery-columns-3 gallery-size-thumbnail'><dl class='gallery-item'>\n\t\t\t<dt class='gallery-icon landscape'>\n\t\t\t\t<a href='http:\/\/gardmenn.is\/?attachment_id=254'><img width=\"150\" height=\"150\" src=\"http:\/\/gardmenn.is\/wp-content\/uploads\/2013\/07\/24-150x150.jpg\" class=\"attachment-thumbnail size-thumbnail\" alt=\"\" loading=\"lazy\" \/><\/a>\n\t\t\t<\/dt><\/dl><dl class='gallery-item'>\n\t\t\t<dt class='gallery-icon landscape'>\n\t\t\t\t<a href='http:\/\/gardmenn.is\/?attachment_id=266'><img width=\"150\" height=\"150\" src=\"http:\/\/gardmenn.is\/wp-content\/uploads\/2013\/07\/22-150x150.jpg\" class=\"attachment-thumbnail size-thumbnail\" alt=\"\" loading=\"lazy\" \/><\/a>\n\t\t\t<\/dt><\/dl><dl class='gallery-item'>\n\t\t\t<dt class='gallery-icon landscape'>\n\t\t\t\t<a href='http:\/\/gardmenn.is\/?attachment_id=265'><img width=\"150\" height=\"150\" src=\"http:\/\/gardmenn.is\/wp-content\/uploads\/2013\/07\/20-150x150.jpg\" class=\"attachment-thumbnail size-thumbnail\" alt=\"\" loading=\"lazy\" \/><\/a>\n\t\t\t<\/dt><\/dl><br style=\"clear: both\" \/><dl class='gallery-item'>\n\t\t\t<dt class='gallery-icon landscape'>\n\t\t\t\t<a href='http:\/\/gardmenn.is\/?attachment_id=264'><img width=\"150\" height=\"150\" src=\"http:\/\/gardmenn.is\/wp-content\/uploads\/2013\/07\/19-150x150.jpg\" class=\"attachment-thumbnail size-thumbnail\" alt=\"\" loading=\"lazy\" \/><\/a>\n\t\t\t<\/dt><\/dl><dl class='gallery-item'>\n\t\t\t<dt class='gallery-icon landscape'>\n\t\t\t\t<a href='http:\/\/gardmenn.is\/?attachment_id=263'><img width=\"150\" height=\"150\" src=\"http:\/\/gardmenn.is\/wp-content\/uploads\/2013\/07\/dsc00723_1-150x150.jpg\" class=\"attachment-thumbnail size-thumbnail\" alt=\"\" loading=\"lazy\" \/><\/a>\n\t\t\t<\/dt><\/dl><dl class='gallery-item'>\n\t\t\t<dt class='gallery-icon landscape'>\n\t\t\t\t<a href='http:\/\/gardmenn.is\/?attachment_id=262'><img width=\"150\" height=\"150\" src=\"http:\/\/gardmenn.is\/wp-content\/uploads\/2013\/07\/dsc00721_1-150x150.jpg\" class=\"attachment-thumbnail size-thumbnail\" alt=\"\" loading=\"lazy\" \/><\/a>\n\t\t\t<\/dt><\/dl><br style=\"clear: both\" \/><dl class='gallery-item'>\n\t\t\t<dt class='gallery-icon landscape'>\n\t\t\t\t<a href='http:\/\/gardmenn.is\/?attachment_id=261'><img width=\"150\" height=\"150\" src=\"http:\/\/gardmenn.is\/wp-content\/uploads\/2013\/07\/dsc00720_1-150x150.jpg\" class=\"attachment-thumbnail size-thumbnail\" alt=\"\" loading=\"lazy\" \/><\/a>\n\t\t\t<\/dt><\/dl><dl class='gallery-item'>\n\t\t\t<dt class='gallery-icon landscape'>\n\t\t\t\t<a href='http:\/\/gardmenn.is\/?attachment_id=260'><img width=\"150\" height=\"150\" src=\"http:\/\/gardmenn.is\/wp-content\/uploads\/2013\/07\/109_1-150x150.jpg\" class=\"attachment-thumbnail size-thumbnail\" alt=\"\" loading=\"lazy\" \/><\/a>\n\t\t\t<\/dt><\/dl><dl class='gallery-item'>\n\t\t\t<dt class='gallery-icon landscape'>\n\t\t\t\t<a href='http:\/\/gardmenn.is\/?attachment_id=259'><img width=\"150\" height=\"150\" src=\"http:\/\/gardmenn.is\/wp-content\/uploads\/2013\/07\/30-150x150.jpg\" class=\"attachment-thumbnail size-thumbnail\" alt=\"\" loading=\"lazy\" \/><\/a>\n\t\t\t<\/dt><\/dl><br style=\"clear: both\" \/><dl class='gallery-item'>\n\t\t\t<dt class='gallery-icon landscape'>\n\t\t\t\t<a href='http:\/\/gardmenn.is\/?attachment_id=258'><img width=\"150\" height=\"150\" src=\"http:\/\/gardmenn.is\/wp-content\/uploads\/2013\/07\/29-150x150.jpg\" class=\"attachment-thumbnail size-thumbnail\" alt=\"\" loading=\"lazy\" \/><\/a>\n\t\t\t<\/dt><\/dl><dl class='gallery-item'>\n\t\t\t<dt class='gallery-icon landscape'>\n\t\t\t\t<a href='http:\/\/gardmenn.is\/?attachment_id=257'><img width=\"150\" height=\"150\" src=\"http:\/\/gardmenn.is\/wp-content\/uploads\/2013\/07\/28-150x150.jpg\" class=\"attachment-thumbnail size-thumbnail\" alt=\"\" loading=\"lazy\" \/><\/a>\n\t\t\t<\/dt><\/dl><dl class='gallery-item'>\n\t\t\t<dt class='gallery-icon landscape'>\n\t\t\t\t<a href='http:\/\/gardmenn.is\/?attachment_id=256'><img width=\"150\" height=\"150\" src=\"http:\/\/gardmenn.is\/wp-content\/uploads\/2013\/07\/26-150x150.jpg\" class=\"attachment-thumbnail size-thumbnail\" alt=\"\" loading=\"lazy\" \/><\/a>\n\t\t\t<\/dt><\/dl><br style=\"clear: both\" \/><dl class='gallery-item'>\n\t\t\t<dt class='gallery-icon landscape'>\n\t\t\t\t<a href='http:\/\/gardmenn.is\/?attachment_id=255'><img width=\"150\" height=\"150\" src=\"http:\/\/gardmenn.is\/wp-content\/uploads\/2013\/07\/25-150x150.jpg\" class=\"attachment-thumbnail size-thumbnail\" alt=\"\" loading=\"lazy\" \/><\/a>\n\t\t\t<\/dt><\/dl><dl class='gallery-item'>\n\t\t\t<dt class='gallery-icon landscape'>\n\t\t\t\t<a href='http:\/\/gardmenn.is\/?attachment_id=267'><img width=\"150\" height=\"150\" src=\"http:\/\/gardmenn.is\/wp-content\/uploads\/2013\/07\/23-150x150.jpg\" class=\"attachment-thumbnail size-thumbnail\" alt=\"\" loading=\"lazy\" \/><\/a>\n\t\t\t<\/dt><\/dl>\n\t\t\t<br style='clear: both' \/>\n\t\t<\/div>\n\n<p>&nbsp;<\/p>\n<p>&nbsp;<\/p>\n<p>\u00dea\u00f0 sem gerir sedrusvi\u00f0inn svo fallegan er hversu mj\u00fakur hann er auk \u00feess a\u00f0 vera laus vi\u00f0 alla kvisti.<\/p>\n\n\t\t<style type=\"text\/css\">\n\t\t\t#gallery-6 {\n\t\t\t\tmargin: auto;\n\t\t\t}\n\t\t\t#gallery-6 .gallery-item {\n\t\t\t\tfloat: left;\n\t\t\t\tmargin-top: 10px;\n\t\t\t\ttext-align: center;\n\t\t\t\twidth: 33%;\n\t\t\t}\n\t\t\t#gallery-6 img {\n\t\t\t\tborder: 2px solid #cfcfcf;\n\t\t\t}\n\t\t\t#gallery-6 .gallery-caption {\n\t\t\t\tmargin-left: 0;\n\t\t\t}\n\t\t\t\/* see gallery_shortcode() in wp-includes\/media.php *\/\n\t\t<\/style>\n\t\t<div id='gallery-6' class='gallery galleryid-125 gallery-columns-3 gallery-size-thumbnail'><dl class='gallery-item'>\n\t\t\t<dt class='gallery-icon landscape'>\n\t\t\t\t<a href='http:\/\/gardmenn.is\/?attachment_id=270'><img width=\"150\" height=\"150\" src=\"http:\/\/gardmenn.is\/wp-content\/uploads\/2013\/07\/dsc00726_1-150x150.jpg\" class=\"attachment-thumbnail size-thumbnail\" alt=\"\" loading=\"lazy\" \/><\/a>\n\t\t\t<\/dt><\/dl><dl class='gallery-item'>\n\t\t\t<dt class='gallery-icon landscape'>\n\t\t\t\t<a href='http:\/\/gardmenn.is\/?attachment_id=271'><img width=\"150\" height=\"150\" src=\"http:\/\/gardmenn.is\/wp-content\/uploads\/2013\/07\/dsc00727_1-150x150.jpg\" class=\"attachment-thumbnail size-thumbnail\" alt=\"\" loading=\"lazy\" \/><\/a>\n\t\t\t<\/dt><\/dl><dl class='gallery-item'>\n\t\t\t<dt class='gallery-icon landscape'>\n\t\t\t\t<a href='http:\/\/gardmenn.is\/?attachment_id=272'><img width=\"150\" height=\"150\" src=\"http:\/\/gardmenn.is\/wp-content\/uploads\/2013\/07\/dsc00728_1-150x150.jpg\" class=\"attachment-thumbnail size-thumbnail\" alt=\"\" loading=\"lazy\" \/><\/a>\n\t\t\t<\/dt><\/dl><br style=\"clear: both\" \/><dl class='gallery-item'>\n\t\t\t<dt class='gallery-icon landscape'>\n\t\t\t\t<a href='http:\/\/gardmenn.is\/?attachment_id=273'><img width=\"150\" height=\"150\" src=\"http:\/\/gardmenn.is\/wp-content\/uploads\/2013\/07\/dsc00737_1-150x150.jpg\" class=\"attachment-thumbnail size-thumbnail\" alt=\"\" loading=\"lazy\" \/><\/a>\n\t\t\t<\/dt><\/dl><dl class='gallery-item'>\n\t\t\t<dt class='gallery-icon landscape'>\n\t\t\t\t<a href='http:\/\/gardmenn.is\/?attachment_id=274'><img width=\"150\" height=\"150\" src=\"http:\/\/gardmenn.is\/wp-content\/uploads\/2013\/07\/dsc00744_1-150x150.jpg\" class=\"attachment-thumbnail size-thumbnail\" alt=\"\" loading=\"lazy\" \/><\/a>\n\t\t\t<\/dt><\/dl><dl class='gallery-item'>\n\t\t\t<dt class='gallery-icon landscape'>\n\t\t\t\t<a href='http:\/\/gardmenn.is\/?attachment_id=275'><img width=\"150\" height=\"150\" src=\"http:\/\/gardmenn.is\/wp-content\/uploads\/2013\/07\/dsc00745_1-150x150.jpg\" class=\"attachment-thumbnail size-thumbnail\" alt=\"\" loading=\"lazy\" \/><\/a>\n\t\t\t<\/dt><\/dl><br style=\"clear: both\" \/><dl class='gallery-item'>\n\t\t\t<dt class='gallery-icon landscape'>\n\t\t\t\t<a href='http:\/\/gardmenn.is\/?attachment_id=276'><img width=\"150\" height=\"150\" src=\"http:\/\/gardmenn.is\/wp-content\/uploads\/2013\/07\/dsc00724_1-150x150.jpg\" class=\"attachment-thumbnail size-thumbnail\" alt=\"\" loading=\"lazy\" \/><\/a>\n\t\t\t<\/dt><\/dl><dl class='gallery-item'>\n\t\t\t<dt class='gallery-icon landscape'>\n\t\t\t\t<a href='http:\/\/gardmenn.is\/?attachment_id=277'><img width=\"150\" height=\"150\" src=\"http:\/\/gardmenn.is\/wp-content\/uploads\/2013\/07\/dsc00725_1-150x150.jpg\" class=\"attachment-thumbnail size-thumbnail\" alt=\"\" loading=\"lazy\" \/><\/a>\n\t\t\t<\/dt><\/dl>\n\t\t\t<br style='clear: both' \/>\n\t\t<\/div>\n\n<p>&nbsp;<\/p>\n<p>&nbsp;<\/p>\n<p>Saga\u00f0 n\u00e1tt\u00farugrj\u00f3t lagt \u00f3reglulega og m\u00fara\u00f0 \u00ed f\u00fagur fyrir framan inngang. Yfirbor\u00f0i\u00f0 ver\u00f0ur rennisl\u00e9tt og fallegt, \u00f3reglulegt munstur n\u00e1tt\u00farusteinsins br\u00fdtur skemmtilega upp hellul\u00f6gnina.<\/p>\n\n\t\t<style type=\"text\/css\">\n\t\t\t#gallery-7 {\n\t\t\t\tmargin: auto;\n\t\t\t}\n\t\t\t#gallery-7 .gallery-item {\n\t\t\t\tfloat: left;\n\t\t\t\tmargin-top: 10px;\n\t\t\t\ttext-align: center;\n\t\t\t\twidth: 33%;\n\t\t\t}\n\t\t\t#gallery-7 img {\n\t\t\t\tborder: 2px solid #cfcfcf;\n\t\t\t}\n\t\t\t#gallery-7 .gallery-caption {\n\t\t\t\tmargin-left: 0;\n\t\t\t}\n\t\t\t\/* see gallery_shortcode() in wp-includes\/media.php *\/\n\t\t<\/style>\n\t\t<div id='gallery-7' class='gallery galleryid-125 gallery-columns-3 gallery-size-thumbnail'><dl class='gallery-item'>\n\t\t\t<dt class='gallery-icon landscape'>\n\t\t\t\t<a href='http:\/\/gardmenn.is\/?attachment_id=281'><img width=\"150\" height=\"150\" src=\"http:\/\/gardmenn.is\/wp-content\/uploads\/2013\/07\/dsc00748_1-150x150.jpg\" class=\"attachment-thumbnail size-thumbnail\" alt=\"\" loading=\"lazy\" \/><\/a>\n\t\t\t<\/dt><\/dl><dl class='gallery-item'>\n\t\t\t<dt class='gallery-icon landscape'>\n\t\t\t\t<a href='http:\/\/gardmenn.is\/?attachment_id=282'><img width=\"150\" height=\"150\" src=\"http:\/\/gardmenn.is\/wp-content\/uploads\/2013\/07\/dsc00749_1-150x150.jpg\" class=\"attachment-thumbnail size-thumbnail\" alt=\"\" loading=\"lazy\" \/><\/a>\n\t\t\t<\/dt><\/dl><dl class='gallery-item'>\n\t\t\t<dt class='gallery-icon landscape'>\n\t\t\t\t<a href='http:\/\/gardmenn.is\/?attachment_id=283'><img width=\"150\" height=\"150\" src=\"http:\/\/gardmenn.is\/wp-content\/uploads\/2013\/07\/dsc00746_1-150x150.jpg\" class=\"attachment-thumbnail size-thumbnail\" alt=\"\" loading=\"lazy\" \/><\/a>\n\t\t\t<\/dt><\/dl><br style=\"clear: both\" \/>\n\t\t<\/div>\n\n<p>Til a\u00f0 taka burt h\u00e6\u00f0armun \u00e1 l\u00f3\u00f0 og g\u00f6tu er nota\u00f0ur fallegur brotinn kanntsteinn.<\/p>\n\n\t\t<style type=\"text\/css\">\n\t\t\t#gallery-8 {\n\t\t\t\tmargin: auto;\n\t\t\t}\n\t\t\t#gallery-8 .gallery-item {\n\t\t\t\tfloat: left;\n\t\t\t\tmargin-top: 10px;\n\t\t\t\ttext-align: center;\n\t\t\t\twidth: 33%;\n\t\t\t}\n\t\t\t#gallery-8 img {\n\t\t\t\tborder: 2px solid #cfcfcf;\n\t\t\t}\n\t\t\t#gallery-8 .gallery-caption {\n\t\t\t\tmargin-left: 0;\n\t\t\t}\n\t\t\t\/* see gallery_shortcode() in wp-includes\/media.php *\/\n\t\t<\/style>\n\t\t<div id='gallery-8' class='gallery galleryid-125 gallery-columns-3 gallery-size-thumbnail'><dl class='gallery-item'>\n\t\t\t<dt class='gallery-icon landscape'>\n\t\t\t\t<a href='http:\/\/gardmenn.is\/?attachment_id=286'><img width=\"150\" height=\"150\" src=\"http:\/\/gardmenn.is\/wp-content\/uploads\/2013\/07\/dsc00750_1-150x150.jpg\" class=\"attachment-thumbnail size-thumbnail\" alt=\"\" loading=\"lazy\" \/><\/a>\n\t\t\t<\/dt><\/dl>\n\t\t\t<br style='clear: both' \/>\n\t\t<\/div>\n\n","protected":false},"excerpt":{"rendered":"<p>\u00deegar h\u00fasi\u00f0 a\u00f0 L\u00e1landi 4 var rifi\u00f0 og byggt upp \u00e1 n\u00fdtt var l\u00edti\u00f0 eftir af gar\u00f0inum sem st\u00f3\u00f0 \u00fear eitt sinn. St\u00f3rvirkar vinnuv\u00e9lar og byggingakrani h\u00f6f\u00f0u gert gar\u00f0inn a\u00f0, einhverju sem l\u00edktist v\u00edgvelli frekar en gar\u00f0i. \u00deegar Gar\u00f0menn komu \u00e1 sta\u00f0inn var lj\u00f3st a\u00f0 gar\u00f0urinn \u00feyrfti a\u00f0 vera unninn fr\u00e1 grunni. \u00dar var\u00f0 a\u00f0 [&hellip;]<\/p>\n","protected":false},"author":1,"featured_media":0,"parent":38,"menu_order":0,"comment_status":"open","ping_status":"open","template":"","meta":[],"_links":{"self":[{"href":"http:\/\/gardmenn.is\/index.php?rest_route=\/wp\/v2\/pages\/125"}],"collection":[{"href":"http:\/\/gardmenn.is\/index.php?rest_route=\/wp\/v2\/pages"}],"about":[{"href":"http:\/\/gardmenn.is\/index.php?rest_route=\/wp\/v2\/types\/page"}],"author":[{"embeddable":true,"href":"http:\/\/gardmenn.is\/index.php?rest_route=\/wp\/v2\/users\/1"}],"replies":[{"embeddable":true,"href":"http:\/\/gardmenn.is\/index.php?rest_route=%2Fwp%2Fv2%2Fcomments&post=125"}],"version-history":[{"count":22,"href":"http:\/\/gardmenn.is\/index.php?rest_route=\/wp\/v2\/pages\/125\/revisions"}],"predecessor-version":[{"id":237,"href":"http:\/\/gardmenn.is\/index.php?rest_route=\/wp\/v2\/pages\/125\/revisions\/237"}],"up":[{"embeddable":true,"href":"http:\/\/gardmenn.is\/index.php?rest_route=\/wp\/v2\/pages\/38"}],"wp:attachment":[{"href":"http:\/\/gardmenn.is\/index.php?rest_route=%2Fwp%2Fv2%2Fmedia&parent=125"}],"curies":[{"name":"wp","href":"https:\/\/api.w.org\/{rel}","templated":true}]}}